Let o = y + 609. List the prime factors of o/12 - (-20)/15.
2, 19
Let t be (-5)/5 - (-73 - 2). Suppose 2*g = t + 32. Let o = g + -35. What are the prime factors of o?
2, 3
Suppose 1638423 = 41*g + 494728. List the prime factors of g.
5, 7, 797
Let z(h) be the third derivative of 17*h**5/15 + 7*h**4/12 + 55*h**3/6 + h**2 + 20. List the prime factors of z(-3).
5
Suppose -1698 = -u + 4*i, -6781 = -4*u + i + 4*i. Let a = -3026 + u. What are the prime factors of a/(-16) + (-2 - 44/(-16))?
2, 3, 7
Suppose -2*v + 3*v - 717 = -3*d, 4*d - 963 = v. Suppose g - d = -2*w, 4*w - 3*g - 614 = -154. List the prime factors of w.
2, 59
Suppose -16*o + 17*o = -2. What are the prime factors of (o - 16/(-12)) + (-1382)/(-3)?
2, 5, 23
Suppose 0 = 25*r + 17 + 8. Let g(z) = -452*z + 12. What are the prime factors of g(r)?
2, 29
Suppose 74*i = -131*i + 1448944 + 3131166. List the prime factors of i.
2, 11171
Let g(r) = r**3 + 5*r**2 - r + 7329. What are the prime factors of g(0)?
3, 7, 349
Let x be ((-50)/(-6) - 4)/(1/(-3)). List the prime factors of (-3983)/(-4) + 7*x/(-364).
2, 3, 83
Let t be (3/(-2))/(33/(-1012)). Suppose p = -5*y + 155, -t = -3*y - 3*p + 59. List the prime factors of y.
2, 3, 5
Suppose 0*x + 95 = 5*x - 5*q, -2*x - 6*q + 70 = 0. Suppose -63908 = -x*a - 21634. What are the prime factors of a?
2, 919
Let c be (-6 + 10 - 4) + -6. List the prime factors of 7434/30 + c/(-30).
2, 31
Suppose 3*v - 208 = -5*v. Let f be (6/(-1))/(-28 + v). Suppose f*l - x - 783 = -6*x, -4*x + 524 = 2*l. List the prime factors of l.
2
Let d = 4419 + 2561. What are the prime factors of d?
2, 5, 349
Let u be (-3)/((-6)/(-8)) - -14. Suppose 134 = -u*l + 414. List the prime factors of l.
2, 7
Suppose 525 = -45*t + 50*t. Suppose -6*g + t = -771. List the prime factors of 0 - (-5)/10*g.
73
Let t(z) = 13*z + 19. Let k(g) be the third derivative of -9*g**4/8 - 37*g**3/6 - 8*g**2. Let j(r) = -2*k(r) - 5*t(r). List the prime factors of j(-5).
2, 17
Suppose -2*b + 28 = 5*w - 0*b, 5*w - 4 = 4*b. Suppose -7*g + 1133 = w*g. Let c = g + 21. List the prime factors of c.
2, 31
Let b(j) = -j**3 + 22*j**2 - 29*j + 30. Suppose -5*x + 4*y + 112 = 7*y, 3*x + 4*y = 76. List the prime factors of b(x).
2, 5
Suppose -12*y = -14*y + 3*b + 8817, 2*b = -y + 4433. What are the prime factors of y?
3, 491
Suppose 3*q + 6 = -0*q, 5*g - 2*q - 59 = 0. Suppose 4*z - 1339 = 8*f - g*f, 3*z - f = 988. What are the prime factors of z?
331
Let l(z) = 3*z**3 + z**2. Suppose -4*i - 2 = -2*k, -4*i - i = -4*k + 4. Let g be l(k). Suppose 26 + 202 = g*x. What are the prime factors of x?
3, 19
Let o(k) = -k**3 - 13*k**2 - 11*k - 5. Let l be o(-12). Let t be (-342)/l - (-8)/(-68). Suppose t*w - 23*w + 231 = 0. List the prime factors of w.
7, 11
Suppose 15*c - 12*c - 91337 = k, 0 = 4*c + k - 121764. What are the prime factors of c?
7, 4349
Suppose 0 = -494*s + 434*s + 1726380. What are the prime factors of s?
3, 23, 139
Let f = -46865 + 49961. List the prime factors of f.
2, 3, 43
Let h(b) = -60*b + 136. Let v be h(-15). Let o = -492 + v. What are the prime factors of o?
2, 17
Let j be (-4)/10*(-1 - -11) - -26. Let h(s) = 2*s**3 - 44*s**2 + 10*s - 1. List the prime factors of h(j).
3, 73
Let l = 6466 - 2229. What are the prime factors of l?
19, 223
Let a(j) = -j**2 + 76*j - 74. Let d be a(48). Suppose -50*m - d = -52*m. List the prime factors of m.
5, 127
Let j(z) = 2*z**2 + 6*z + 2. Let w be j(-3). Suppose 4*k = 5*h - 112, 4*h + h = w*k + 106. List the prime factors of ((-9177)/12)/(-7) - 5/h.
109
Suppose 0 = -26*x - 1 + 1. Suppose x = -5*j + 1368 + 777. List the prime factors of j.
3, 11, 13
Suppose -4*t + 9*t - 95 = 0. Let f be (-4 + t/(-2))*68/(-2). Suppose 461 = 4*b - f. What are the prime factors of b?
2, 5, 23
Suppose 432437 = 14*y - 55169. List the prime factors of y.
29, 1201
Let p be -393 + (1 - -1) + 66/22. Let x = 556 + p. What are the prime factors of x?
2, 3, 7
Let n be -14*((-4)/8 - 0). Let x = 0 + n. Suppose x*a = 12*a - 155. List the prime factors of a.
31
Suppose 0 = 5*b - 3*v + 7711, 3*b + 2*v = -2137 - 2482. What are the prime factors of 1/(-4) - (3 - b/(-4))?
2, 191
Let w be ((-2)/(-2))/((5/(-2495))/(-1)). Suppose 0 = 3*f - 4*a + 238 - 1748, 3*a - w = -f. List the prime factors of f.
2, 251
Suppose -4*q + 73 = -l - 191, -5*l - 20 = 0. Let p = q - 19. Let r = p + 27. What are the prime factors of r?
73
Let t(o) = 2*o**2 - 2*o**2 + 22*o + 7 + 2*o**2. Let d be t(-12). Suppose 0 = d*u - 25*u - 834. List the prime factors of u.
139
Let d = 2160 + 2019. What are the prime factors of d?
3, 7, 199
Let s = 538 - 761. Let p = s + 277. What are the prime factors of p?
2, 3
Suppose 4*s - 88 = 2*q, 3*s - 7*s + 50 = -q. Let j = 74 + q. Suppose 3*d + 6 - j = 0. List the prime factors of d.
2, 5
Suppose -5*l - 15 = 0, -3*o - 1439 = -4*l - 5924. Suppose 3*m - o = -468. List the prime factors of m.
11, 31
Suppose -3834 = 2*l + 4*z, -7680 = 4*l + 4*z - 0*z. Let g(r) = -3*r**2 + 6*r - 3. Let n be g(4). List the prime factors of 6/n + l/(-27).
71
List the prime factors of (-155168)/(-14) + 20/(-2)*(-50)/875.
2, 17, 163
Let o(g) = g**3 + 11*g**2 - 10*g + 28. Let u be o(-12). Suppose -u*z - 78 + 746 = 0. What are the prime factors of z?
167
Suppose -3*x - v + 676 = -424, -2*x + 2*v + 728 = 0. Suppose 0 = -7*a + 6137 + x. List the prime factors of a.
929
Suppose 0 = -3*v + 32228 - 9386. What are the prime factors of v?
2, 3, 47
Let k = -130 + 124. List the prime factors of (16391/148)/((k/(-8))/3).
443
What are the prime factors of (-3 - (-1074771)/(-297)*-6) + (-12)/22?
17, 1277
Suppose -5*q - 5*l = -168700, -17*q - 33736 = -18*q + l. List the prime factors of q.
2, 3, 5623
Suppose 19*i + 19*i = 705861 + 309955. List the prime factors of i.
2, 41, 163
List the prime factors of 51534 + (-13)/(52/28).
7, 17, 433
Let y(h) = 51*h**2 + 4*h + 37. Let i be (-10)/(-8) - (-51)/(-12). List the prime factors of y(i).
2, 11
Let y = 35 + -31. Suppose 0 = y*x - 4, -6*x + 26 = 3*w - 4*x. Suppose 168 = w*o - 0*o. List the prime factors of o.
3, 7
Let b(i) = -i**3 + 40*i**2 - 68*i + 109. List the prime factors of b(32).
5, 7
List the prime factors of (-102)/1530 - (107312/(-15))/2.
7, 73
List the prime factors of 5170 + -1 + -82 + 81.
2, 17, 19
Let n(s) be the first derivative of 5*s**2/2 + 379*s - 30. What are the prime factors of n(0)?
379
Let u(f) = -12*f + 18. Let c be u(-8). Suppose -6*q + c = -102. Let h = q - 25. What are the prime factors of h?
11
Let q be (20/12 - 5)*3/(-2). Suppose 0 - 10 = -q*x. What are the prime factors of (31 - x)*(-1 + 2)?
29
Suppose -6*b = -950 - 1948. Let w = b + 201. List the prime factors of w.
2, 3, 19
Suppose 9*y - 15*y = -32908 + 3208. List the prime factors of y.
2, 3, 5, 11
Let x = 1008 - -375. What are the prime factors of x?
3, 461
Let i be (-1)/2*9*6. Let u be (-13 - i) + (-8)/2. Suppose -2*g + u = 0, 3*t + g = 2*g + 265. What are the prime factors of t?
2, 3, 5
List the prime factors of (-35)/3*460692/(-938) - 2*1.
2, 179
Let x(u) = 55*u - 1. Let m(c) = -55*c + 1. Let n(k) = -5*m(k) - 6*x(k). Let h be (15 + -16)*(0 + 0 + 5). What are the prime factors of n(h)?
2, 3, 23
Let y = -2486 + 3694. Suppose 0 = -5*g + y + 862. What are the prime factors of g?
2, 3, 23
Let y(z) = 9*z**2 + 172*z + 1353. List the prime factors of y(-49).
2, 13, 43
Let l(j) = 37*j - 18. Let g be l(6). Let b = g - 193. List the prime factors of b.
11
Let d = 1064 + 5228. What are the prime factors of d?
2, 11, 13
Let s(a) be the first derivative of -2*a**2 + 18*a + 27. Let n be s(-19). Suppose -176 = -v + 3*k, v - 4*k - n = 84. What are the prime factors of v?
2, 5, 17
Let j(k) = k**3 + 16*k**2 - 34*k - 51. Let a be j(-15). Suppose -a = -4*w - 0*w + f, -5*w - 4*f = -876. What are the prime factors of w?
2, 43
Let c(r) = 49*r**2 + 2*r + 2. Let a be c(-2). Let z(d) = 5*d**2 - 6*d + 2. Let v be z(4). Suppose 2*y = a - v. List the prime factors of y.
2, 17
Let c = -177 - -220. Let t = 75 - c. What are the prime factors of t?
2
Let b(p) = 3*p**2 - 32*p - 56. Let h be b(14). List the prime factors of ((-2702)/63*3)/((-8)/h).
7, 193
Let r = 2524 - 1699. Let g = 1564 - r. List the prime factors of g.
739
Let s = 58 + -50. Let d = -3 + s. List the prime factors of d*-32*(-2 - (-12)/10).
2
Suppose 9*g + 127*g = 22*g + 2442564. What a